s 12093732043 a composite number?
True
Is 1090673722 prime?
False
Is 380836897499 prime?
True
Is 96502403 a prime number?
True
Is 50926156937 composite?
False
Is 441966611 composite?
False
Is 188672543 composite?
False
Is 7381957199 a composite number?
False
Is 11444663077 a composite number?
False
Is 3218876369 a prime number?
False
Is 3297265093 composite?
False
Is 1772868109 prime?
True
Is 53711453711 composite?
False
Is 1757857303 composite?
False
Is 70062527383 a prime number?
False
Is 3413633 composite?
True
Is 603533954 composite?
True
Is 13604793781 composite?
True
Is 3536889809 a prime number?
True
Is 13855089113 a prime number?
True
Is 28467067169 prime?
True
Is 1428745179 a prime number?
False
Is 53361410083 prime?
True
Is 845941951 composite?
True
Is 641388779 a composite number?
False
Is 637169317 a composite number?
False
Is 523303009 a prime number?
True
Is 1065959441 composite?
True
Is 12361257751 prime?
True
Is 2208394847 a composite number?
False
Is 14356657877 a prime number?
False
Is 733512491 a prime number?
True
Is 130183643 prime?
False
Is 123236630599 a prime number?
True
Is 3781916189 prime?
True
Is 4058682647 prime?
True
Is 59323784159 composite?
False
Is 191204711 a prime number?
True
Is 335407003 a prime number?
True
Is 4546204717 prime?
True
Is 205938790781 a composite number?
False
Is 910368103 prime?
False
Is 65810727293 prime?
True
Is 1866455153 prime?
True
Is 106270206781 a composite number?
True
Is 2807563909 a composite number?
False
Is 5980903 a prime number?
True
Is 4378693511 composite?
False
Is 5623335689 composite?
True
Is 82473367 composite?
True
Is 26105798659 a prime number?
True
Is 894295739 prime?
False
Is 14694914723 prime?
True
Is 302768409 prime?
False
Is 751566863 prime?
False
Is 11110674847 a composite number?
False
Is 20609048674 a prime number?
False
Is 4242178123 composite?
True
Is 35175658081 composite?
False
Is 234872821 a composite number?
True
Is 15924878371 composite?
True
Is 17465533103 prime?
True
Is 1272964283 composite?
False
Is 164694214147 composite?
False
Is 6489259307 prime?
False
Is 1552988027 a prime number?
False
Is 3823644217 composite?
True
Is 102707687 composite?
False
Is 4965886229 composite?
True
Is 10247143211 a prime number?
False
Is 63583705967 composite?
True
Is 6477601979 composite?
True
Is 10131374801 composite?
False
Is 18709223551 a composite number?
True
Is 5717610403 composite?
True
Is 16661895519 composite?
True
Is 217883579 a prime number?
False
Is 228395617 a prime number?
False
Is 328697141 a prime number?
True
Is 6362830417 a composite number?
True
Is 19031755433 a composite number?
False
Is 1149446699 a composite number?
True
Is 22441230761 prime?
False
Is 17188867961 a composite number?
False
Is 397497007 a composite number?
False
Is 6887758007 composite?
True
Is 19199639209 a composite number?
False
Is 604122971 a composite number?
True
Is 13967399059 a prime number?
False
Is 46952012827 a composite number?
False
Is 29682739783 a prime number?
False
Is 294715597 a prime number?
False
Is 769954697 prime?
True
Is 9864604097 composite?
True
Is 11308651891 prime?
False
Is 692667187 a prime number?
True
Is 3579587079 a composite number?
True
Is 1363626499 a prime number?
True
Is 16937213819 composite?
True
Is 9156882367 a prime number?
True
Is 67259356579 composite?
False
Is 9574917053 prime?
False
Is 101759309 a composite number?
False
Is 286675693 a prime number?
False
Is 1971348647 a prime number?
False
Is 37482642493 a prime number?
False
Is 363563617 a prime number?
True
Is 4520843 a composite number?
False
Is 4805486183 a composite number?
True
Is 6512810345 prime?
False
Is 27212862199 a prime number?
True
Is 8980968431 a composite number?
True
Is 1685368043 a prime number?
True
Is 18647533103 a prime number?
True
Is 43437499471 composite?
True
Is 47054019127 prime?
True
Is 2827155053 prime?
False
Is 176093701094 composite?
True
Is 1751536727 composite?
True
Is 32196166489 a prime number?
True
Is 358084373 prime?
False
Is 188816689535 composite?
True
Is 27279557 a composite number?
True
Is 1205289193 a prime number?
True
Is 1432647677 prime?
False
Is 25400421743 a composite number?
True
Is 2611234589 a composite number?
False
Is 7179235471 a composite number?
True
Is 749205817 a composite number?
False
Is 9515806759 a composite number?
False
Is 1480735421 a prime number?
False
Is 300823351891 a composite number?
False
Is 394603150685 a composite number?
True
Is 624819757 composite?
False
Is 1567517909 prime?
True
Is 101684185853 a composite number?
False
Is 4401956869 prime?
True
Is 567745663 a composite number?
False
Is 59863574213 prime?
True
Is 962579537 a prime number?
True
Is 166506450067 a composite number?
True
Is 11674584269 composite?
False
Is 74189307 a prime number?
False
Is 420009137 a prime number?
False
Is 70828044137 a prime number?
True
Is 4201975907 a prime number?
True
Is 9114750823 composite?
False
Is 7006094663 composite?
False
Is 104573863301 composite?
False
Is 34687670933 a composite number?
False
Is 165610223 a prime number?
False
Is 10531426669 a prime number?
False
Is 1458833689 composite?
True
Is 1103337181 composite?
False
Is 9765619873 composite?
False
Is 32918169281 a prime number?
True
Is 657595306 composite?
True
Is 13317618718 a composite number?
True
Is 754310683 composite?
True
Is 15657619423 prime?
True
Is 21749643613 a composite number?
True
Is 13076117791 prime?
False
Is 182353397 a prime number?
True
Is 13089590135 prime?
False
Is 26536643339 a prime number?
True
Is 792326933 a composite number?
False
Is 3512715851 a composite number?
False
Is 398206117 composite?
True
Is 14483758741 a prime number?
False
Is 34624379 composite?
False
Is 1264946497 a composite number?
False
Is 236061571 a prime number?
True
Is 21708768701 a prime number?
False
Is 11763680563 a composite number?
False
Is 19212742889 prime?
True
Is 32336111 prime?
False
Is 63833858201 prime?
True
Is 17323923613 prime?
False
Is 12738503543 a composite number?
False
Is 594500551 composite?
True
Is 112260301463 composite?
False
Is 2477499163 composite?
True
Is 13616352955 a composite number?
True
Is 5493606103 prime?
True
Is 1837655359 a prime number?
False
Is 87370045883 prime?
False
Is 1877761889 a composite number?
False
Is 13059196639 a composite number?
False
Is 42713705873 composite?
True
Is 779477053 a prime number?
True
Is 1732099607 prime?
False
Is 16902982153 prime?
False
Is 23374749731 prime?
True
Is 1807207867 composite?
False
Is 3637431353 a prime number?
False
Is 40379493149 composite?
True
Is 2180601011 a composite number?
False
Is 48476273 composite?
True
Is 8871668681 composite?
False
Is 115353176923 prime?
False
Is 45848773639 a composite number?
True
Is 4396369441 prime?
True
Is 26324987413 prime?
False
Is 2589542381 prime?
True
Is 54029309065 a composite number?
True
Is 14707533349 a composite number?
False
Is 1657249813 prime?
True
Is 83035027 a composite number?
True
Is 4555178867 a composite number?
False
Is 3213226231 composite?
True
Is 3414461198 a composite number?
True
Is 304831479 composite?
True
Is 7562552851 prime?
False
Is 10835429273 composite?
True
Is 522404177 a composite number?
False
Is 67453833059 composite?
False
Is 2764514447 a composite number?
False
Is 11434326691 a composite number?
False
Is 2115709657 a composite number?
True
Is 171260429 a prime number?
False
Is 1874376949 prime?
False
Is 773425787 a prime number?
False
Is 279737860001 a prime number?
True
Is 11440402429 a composite number?
False
Is 4976561167 prime?
False
Is 26799343861 a prime number?
True
Is 31690305079 prime?
True
Is 2444525309 a prime number?
True
Is 32245279799 a prime number?
False
Is 174135629 prime?
True
Is 137336613 composite?
True
Is 11639613487 a composite number?
False
Is 84505962081 composite?
True
Is 8327159957 composite?
False
Is 1358420027 a prime number?
True
Is 10028589437 a composite number?
True
Is 4985548233 a composite number?
True
Is 585767591 a composite number?
True
Is 25537445035 a prime number?
False
Is 36066136969 prime?
True
Is 1168980259 a composite number?
False
Is 9456198197 prime?
True
Is 4213349927 composite?
False
Is 198127213 a composite number?
False
Is 3800915099 prime?
True
Is 2211148109 prime?
Fals